uppose 0 = 5*v - 26 - a. What is the remainder when (-50)/3*(-21)/v is divided by 14?
11
Let x(q) = -17 + 6*q + 6 + 7. Let n be x(1). Calculate the remainder when 3/(n/(-376)*-6) is divided by 32.
30
Let q = 11 + 9. Let f be 6 - (3 + -3 - 195). Let k = f - 102. Calculate the remainder when k is divided by q.
19
Let h = -43 - -88. Suppose 611 = 9*r + 566. Suppose -h = -r*x + 5*d, -4 = 2*x + 2*d - 10. Calculate the remainder when 11 is divided by x.
5
What is the remainder when (12/9)/(4/174) is divided by 459/15 + 63/45?
26
Suppose 3*p - r - 36603 = 0, -105 = -8*r - 57. What is the remainder when p is divided by 34?
31
Suppose -2*y + y = -5*v + 13, -4*v - 4*y = -20. Suppose 0 = 4*c - 3*c - 1. Let a(j) = 7*j + 1. What is the remainder when a(c) is divided by v?
2
Let u = -2 - 0. Suppose -d + 38 = 20. What is the remainder when d is divided by 8 - (2 + -2 + u)?
8
Let g = 132 - 131. Suppose -2*t = -2*n + 14, n - g = -6*t + 5*t. Suppose -4*w + 899 = n*m + w, m + 5*w = 236. What is the remainder when m is divided by 28?
25
Let f(r) = -r**2 + 124*r + 1946. Let m = -8 - -14. Calculate the remainder when f(-14) is divided by m.
2
Suppose -5*b + 68 = -92. Suppose -155*z + 154*z = 2. Let d(n) = -18*n - 24. What is the remainder when b is divided by d(z)?
8
Calculate the remainder when (13 - (-318)/(-24))*-12256 is divided by 31.
26
Let z = -73 + 101. Calculate the remainder when z is divided by 10/(-14) + (-1320)/(-84).
13
Let m(g) = 82*g - 489. What is the remainder when 103 is divided by m(6)?
1
Let c be ((-7)/14 + -1)/((-6)/8). Suppose 101 - 27 = c*y. Let h = -12 - -31. Calculate the remainder when y is divided by h.
18
Suppose -5*a - 7*a + 21130 + 27218 = 0. Calculate the remainder when a is divided by 144.
141
Let t = 695 - -46. Suppose 161 = 41*q - t. Calculate the remainder when q is divided by 14.
8
Let j be (-234)/104*(-4)/3. Suppose 5*t + 490 = 3*f - 88, 2*f = -j*t + 360. Calculate the remainder when f is divided by 51.
33
Let q = 314 - -74. Suppose 14*k + 107 = 4*v + 19*k, -4*v + 4*k = -116. What is the remainder when q is divided by v?
24
Suppose -21*j = -12*j. Suppose j = -3*f + 11 + 1, 60 = c - f. What is the remainder when c is divided by 23?
18
Let b = -6829 + 11405. Calculate the remainder when b is divided by 508.
4
Suppose -22*v - 45 = -31*v. Suppose -52*n = -47*n - v*i - 385, 8 = -2*i. Calculate the remainder when n is divided by 0 + 2 + -1 - -37.
35
Let i(q) = -6*q + 49. Let a be i(6). Suppose -a*x = -18*x + 205. Calculate the remainder when x is divided by 14.
13
Suppose -2*z = 4*r - 0 - 6, -5*z = -15. Suppose r = 4*m + l - 60, -4*m = -l - l - 48. What is the remainder when 175 is divided by m?
7
Let d = 29 + 24. Let m = d + -44. Suppose -4*o = -g - 13, 0 = 3*o + 2*g + g + m. Calculate the remainder when 8 is divided by o.
0
Let o(r) = r**3 + 4*r**2 - 2*r + 1. Let c be o(-5). Let z = 53 + 59. Let i = c + z. What is the remainder when i is divided by 11?
10
Let k(r) = -r**3 + 40*r**2 + 163*r - 5750. What is the remainder when k(29) is divided by 13?
12
Let f(r) = r**3 - 10*r**2 - 3*r - 82. Let d be f(9). What is the remainder when ((-228)/d)/(6/710) is divided by 29?
26
Let p = -1480 - -1725. Calculate the remainder when p is divided by 70.
35
Let x = -46 - -46. Let y be 1*(x - 37)*2. Let l = 81 + y. What is the remainder when 11 is divided by l?
4
Let v be -1 + -339 + 15/3. Let w = -10 + 14. Calculate the remainder when 141/13 - (5 + v/65) is divided by w.
3
Let t(m) = -m**2 - 17*m + 86. Let s = 736 - 747. Let p(f) = 7*f + 3. What is the remainder when t(s) is divided by p(4)?
28
Let a = 402 - 347. Let s = -25 - -27. Suppose 3*h = s*t + 2*t - 88, t = -h + 15. What is the remainder when a is divided by t?
17
Let h(s) be the first derivative of 1/2*s**4 + 2*s**2 - 28 - 1/3*s**3 + 0*s. Calculate the remainder when 167 is divided by h(3).
53
What is the remainder when 965 is divided by (-12 - 7) + 6 - -24?
8
Suppose 0 = -3*s - 4*v + 9166, -s + 3066 = 90*v - 86*v. What is the remainder when s is divided by 28?
26
Let g(b) = -15*b - 56. Calculate the remainder when 359 is divided by g(-27).
10
Suppose -4*q + 6 - 22 = 0. Let u = q + 12. Let z(a) = a**2 - 24*a + 101. Calculate the remainder when z(21) is divided by u.
6
Let i = 4365 - 4341. Suppose 2*b - 93 = 77. Calculate the remainder when b is divided by i.
13
Let b be (-13 + 5)*(3 + -1). Let p = b - -56. Suppose 0 = -c - 3*w + 155, -w + 67 - 384 = -2*c. What is the remainder when c is divided by p?
38
Let l(s) = -20*s + 38. Let n be l(2). Calculate the remainder when n*1*623/(-178) is divided by 4.
3
Suppose 2*x - 17097 = -3*n + 14661, 2*n = 5*x + 21153. Suppose -21*w + n = 15*w. Calculate the remainder when w is divided by 27.
24
Let f(a) = a**3 - 15*a**2 + 11*a + 4. Let t be f(14). Let s be (9/15)/(-4 - t/10). Calculate the remainder when 47/3 + 2/s is divided by 8.
7
Suppose j = -3*r + 41, -3*r - 6 = -2*j - 41. Calculate the remainder when 204 is divided by r.
9
Suppose 12*i - 5861 - 6957 = 3682. Calculate the remainder when i is divided by 53.
50
Let i = 716 + -693. Calculate the remainder when 116 is divided by i.
1
Let t(z) be the second derivative of -z**4/12 + 29*z**3/6 + 51*z**2 + 4*z + 28. Calculate the remainder when 77 is divided by t(32).
5
Let l(b) = 32*b**2 + 2*b - 1. Suppose 21*v = -10*v + 2643 - 194. What is the remainder when v is divided by l(1)?
13
Let u(i) = 2*i**2 - 11*i + 30. Let r be u(9). Suppose 6*d - 3 = r. What is the remainder when 28 is divided by d?
12
Suppose -101 - 369 = -5*j. Calculate the remainder when j is divided by 169/9 - 11/99*-2.
18
Suppose 0 = -62*k + 52*k + 110. What is the remainder when 29 - (-8 + 12 - 2*1) is divided by k?
5
Let f(d) = d**2 - 3*d - 10. Let o be f(6). Let r(z) = 4*z + 11. What is the remainder when r(o) is divided by 16?
11
Suppose -23184 = -201*b + 109*b. What is the remainder when 768 is divided by b?
12
Let y(p) = -2*p**3 - 16*p**2 - 2*p - 9. Let l be y(-8). Let o(z) = 1486*z + l + 0 - 1483*z + z**2. What is the remainder when 42 is divided by o(-4)?
9
Suppose -23*i - 8*i = -15190. Let a = i + -460. What is the remainder when 208 is divided by a?
28
Let m = -727 - -730. What is the remainder when -1*(216/(-4) - 1) is divided by m?
1
Suppose -109*g = -51*g - 61*g + 177. Calculate the remainder when 1556 is divided by g.
22
Let l = -45471 - -45529. Let d(b) = -b**2 + 7*b + 6. What is the remainder when l is divided by d(6)?
10
Let a = 7572 + -7490. Calculate the remainder when a is divided by 32.
18
Suppose -2*z + 28 = 4*w, 2*w + 5*z - 3 - 11 = 0. Suppose -w = -8*v + 33. Calculate the remainder when 68 is divided by v.
3
Suppose 27 = -5*x + 2*x. What is the remainder when (-2)/x - (286/9)/(-1) is divided by 7?
4
Let i = 77 - 70. Suppose -i*x + 312 = 5*x. Calculate the remainder when 177 is divided by x.
21
Let u(f) = -f**2 + 8*f + 27. Let h be u(11). Let s = 33 + -6. Calculate the remainder when s is divided by (3/h)/(2/(-28)).
6
Let k(y) = -3 - y + 5*y - 3*y + y**2. Let p be k(-6). Let d = 36 - p. What is the remainder when d is divided by 3?
0
Let b = -1027 - -2172. What is the remainder when b is divided by 14?
11
Suppose 4*b + 3*b = 2702. What is the remainder when b is divided by 99?
89
Let g be ((-34)/6 - -5) + (-2)/(-3). Suppose 3*a - 5*a = 4*q - 96, g = -5*a + 20. Calculate the remainder when 327 is divided by q.
19
Suppose 0 = 5*d - 25*d + 8830 - 2370. What is the remainder when 651 is divided by d?
5
Suppose -5*f - 27 = 4*v, 2*f - 2*v - 6 = 2*v. Let m(g) = 69*g**2 - 84*g**2 + 5*g + 10 + 17*g**2 - 5*g**3. Calculate the remainder when m(f) is divided by 25.
23
Calculate the remainder when 2546 is divided by (0 - 30272/(-156)) + -13 + 8585/663.
24
Let x = 2507 + -2482. What is the remainder when 149 is divided by x?
24
Let f = 5 + 2. Let m(b) = 7*b - 20*b + 3*b**2 - 1 - 3*b. What is the remainder when m(6) is divided by f?
4
Calculate the remainder when 302 is divided by -10 + 60669/428 + (-1)/(-4).
38
Suppose -j = 3*p - 8*p - 323, -3*j = 4*p - 1007. Calculate the remainder when j is divided by 57.
48
Let q(f) = -11 + 0 + 6*f + 31 - 8. Let v be q(10). Suppose 89 + v = 7*a. What is the remainder when 43 is divided by a?
20
Suppose 4 + 12 = 4*l. Let c(a) = a**3 - 4*a. Let r be c(-2). Suppose -4*n + 0 - 4 = r, -3*b